{"id":3491,"date":"2020-05-04T11:08:34","date_gmt":"2020-05-04T16:08:34","guid":{"rendered":"https:\/\/merakismart.co\/portal\/?post_type=product&#038;p=3491"},"modified":"2023-08-22T14:51:05","modified_gmt":"2023-08-22T19:51:05","slug":"kraft-taza-de-sopa-32oz-por-100-unidades-con-tapa-de-sopa","status":"publish","type":"product","link":"https:\/\/ecoallpa.com\/portal\/producto\/kraft-taza-de-sopa-32oz-por-100-unidades-con-tapa-de-sopa\/","title":{"rendered":"Sopero De 32 Oz Con Tapa En Kraft x 100 Unidades"},"content":{"rendered":"<p><img decoding=\"async\" class=\"wp-image-3778\" src=\"https:\/\/ecoallpa.com\/portal\/wp-content\/uploads\/2020\/07\/ecoallpa-logo.svg\" alt=\"\" width=\"240\" height=\"80\" \/><\/p>\n<h3>KRAFT SOPERO DE 32OZ por 100 unidades con TAPA DE SOPA<\/h3>\n<p>Dise\u00f1o practico y actual, 100 % biodegradable y compostable, c\u00f3modo a la manipulaci\u00f3n del usuario creado en papel Kraft adaptado al calor y fr\u00edo.<\/p>\n<p>Papel Kraft, Nuestros Productos est\u00e1n hechos en pulpa de papeles reciclados.<\/p>\n<p>Di\u00e1metro: 11,5 cm<\/p>\n<p>Base: 9.2 cm<\/p>\n<p>Alto: 13.5 cm<\/p>\n","protected":false},"excerpt":{"rendered":"<p><img decoding=\"async\" class=\"wp-image-3778\" src=\"https:\/\/ecoallpa.com\/portal\/wp-content\/uploads\/2020\/07\/ecoallpa-logo.svg\" alt=\"\" width=\"240\" height=\"80\" \/><\/p>\n<h3>Papel Kraft, Nuestros Productos est\u00e1n hechos en pulpa de papeles reciclados.<\/h3>\n<p>Tama\u00f1o Superior: 11,7 cm<\/p>\n<p>Tama\u00f1o inferior: 9.2 cm<\/p>\n<p>Alto: 13.5 cm<\/p>\n","protected":false},"featured_media":3537,"comment_status":"open","ping_status":"closed","template":"","meta":[],"product_brand":[],"product_cat":[187],"product_tag":[156,160,157,174,178,163],"class_list":{"0":"post-3491","1":"product","2":"type-product","3":"status-publish","4":"has-post-thumbnail","6":"product_cat-papel-kraft-2","7":"product_tag-biodegradable","8":"product_tag-compostable","9":"product_tag-domicilios","10":"product_tag-papel-kraft","11":"product_tag-tazas-de-sopa","12":"product_tag-tazones","14":"first","15":"instock","16":"shipping-taxable","17":"purchasable","18":"product-type-simple"},"jetpack_sharing_enabled":true,"_links":{"self":[{"href":"https:\/\/ecoallpa.com\/portal\/wp-json\/wp\/v2\/product\/3491","targetHints":{"allow":["GET"]}}],"collection":[{"href":"https:\/\/ecoallpa.com\/portal\/wp-json\/wp\/v2\/product"}],"about":[{"href":"https:\/\/ecoallpa.com\/portal\/wp-json\/wp\/v2\/types\/product"}],"replies":[{"embeddable":true,"href":"https:\/\/ecoallpa.com\/portal\/wp-json\/wp\/v2\/comments?post=3491"}],"wp:featuredmedia":[{"embeddable":true,"href":"https:\/\/ecoallpa.com\/portal\/wp-json\/wp\/v2\/media\/3537"}],"wp:attachment":[{"href":"https:\/\/ecoallpa.com\/portal\/wp-json\/wp\/v2\/media?parent=3491"}],"wp:term":[{"taxonomy":"product_brand","embeddable":true,"href":"https:\/\/ecoallpa.com\/portal\/wp-json\/wp\/v2\/product_brand?post=3491"},{"taxonomy":"product_cat","embeddable":true,"href":"https:\/\/ecoallpa.com\/portal\/wp-json\/wp\/v2\/product_cat?post=3491"},{"taxonomy":"product_tag","embeddable":true,"href":"https:\/\/ecoallpa.com\/portal\/wp-json\/wp\/v2\/product_tag?post=3491"}],"curies":[{"name":"wp","href":"https:\/\/api.w.org\/{rel}","templated":true}]}}