{"id":7160,"date":"2025-01-31T11:22:53","date_gmt":"2025-01-31T16:22:53","guid":{"rendered":"https:\/\/ecoallpa.com\/portal\/?post_type=product&#038;p=7160"},"modified":"2025-01-31T11:23:10","modified_gmt":"2025-01-31T16:23:10","slug":"tv-samsung-65-pulgadas-65du7000-4k-uhd","status":"publish","type":"product","link":"https:\/\/ecoallpa.com\/portal\/producto\/tv-samsung-65-pulgadas-65du7000-4k-uhd\/","title":{"rendered":"TV SAMSUNG 65&#8243; Pulgadas\u00a0 65DU7000 4K-UHD"},"content":{"rendered":"<h1><strong>TV SAMSUNG 65&#8243; Pulgadas 65DU7000 4K-UHD <\/strong><\/h1>\n","protected":false},"excerpt":{"rendered":"<p>Disfruta tu contenido favorito en tu TV DU7000 Crystal UHD 4K 65&#8243; modelo 2024 de SAMSUNG. Su tecnolog\u00eda incorpora PurColor que har\u00e1 que experimentes un nuevo nivel de profundidad y color en las im\u00e1genes, y si quiz\u00e1s el contenido que est\u00e1s viendo tiene otro tipo de resoluci\u00f3n, el potente procesador Crystal escalar\u00e1 con inteligencia artificial las im\u00e1genes hasta 4K y as\u00ed podr\u00e1s visualizar escenas m\u00e1s reales Lograras acceder a las pel\u00edculas, programas de televisi\u00f3n y juegos m\u00e1s f\u00e1cilmente en la pantalla de inicio del SAMSUNG HUB adaptada para ti.<\/p>\n","protected":false},"featured_media":7161,"comment_status":"closed","ping_status":"closed","template":"","meta":[],"product_brand":[],"product_cat":[543,741,526],"product_tag":[1084,1085,1086,1087,1088],"class_list":{"0":"post-7160","1":"product","2":"type-product","3":"status-publish","4":"has-post-thumbnail","6":"product_cat-television","7":"product_cat-televisores-4k","8":"product_cat-video","9":"product_tag-4k-uhd-led","10":"product_tag-1085","11":"product_tag-samsung-65-pulgadas-165-1-cm-65du7000-4k-uhd-led-smart-tv","12":"product_tag-tv-samsung-65","13":"product_tag-tv-samsung-65-pulgadas-165-1-cm-65du7000","15":"first","16":"instock","17":"sale","18":"shipping-taxable","19":"purchasable","20":"product-type-simple"},"jetpack_sharing_enabled":true,"_links":{"self":[{"href":"https:\/\/ecoallpa.com\/portal\/wp-json\/wp\/v2\/product\/7160","targetHints":{"allow":["GET"]}}],"collection":[{"href":"https:\/\/ecoallpa.com\/portal\/wp-json\/wp\/v2\/product"}],"about":[{"href":"https:\/\/ecoallpa.com\/portal\/wp-json\/wp\/v2\/types\/product"}],"replies":[{"embeddable":true,"href":"https:\/\/ecoallpa.com\/portal\/wp-json\/wp\/v2\/comments?post=7160"}],"wp:featuredmedia":[{"embeddable":true,"href":"https:\/\/ecoallpa.com\/portal\/wp-json\/wp\/v2\/media\/7161"}],"wp:attachment":[{"href":"https:\/\/ecoallpa.com\/portal\/wp-json\/wp\/v2\/media?parent=7160"}],"wp:term":[{"taxonomy":"product_brand","embeddable":true,"href":"https:\/\/ecoallpa.com\/portal\/wp-json\/wp\/v2\/product_brand?post=7160"},{"taxonomy":"product_cat","embeddable":true,"href":"https:\/\/ecoallpa.com\/portal\/wp-json\/wp\/v2\/product_cat?post=7160"},{"taxonomy":"product_tag","embeddable":true,"href":"https:\/\/ecoallpa.com\/portal\/wp-json\/wp\/v2\/product_tag?post=7160"}],"curies":[{"name":"wp","href":"https:\/\/api.w.org\/{rel}","templated":true}]}}