{"id":7169,"date":"2025-01-31T11:24:11","date_gmt":"2025-01-31T16:24:11","guid":{"rendered":"https:\/\/ecoallpa.com\/portal\/?post_type=product&#038;p=7169"},"modified":"2025-01-31T11:24:44","modified_gmt":"2025-01-31T16:24:44","slug":"altavoz-bose-portable-smart-speaker","status":"publish","type":"product","link":"https:\/\/ecoallpa.com\/portal\/producto\/altavoz-bose-portable-smart-speaker\/","title":{"rendered":"Altavoz Bose Portable Smart Speaker"},"content":{"rendered":"<h1><strong>Altavoz Bose Portable Smart Speaker<\/strong><\/h1>\n","protected":false},"excerpt":{"rendered":"<p>El altavoz inteligente port\u00e1til es un altavoz inal\u00e1mbrico para el hogar, un altavoz Bluetooth port\u00e1til y un altavoz con control por voz, todo en uno. En casa, puedes moverlo de una habitaci\u00f3n a la otra y cuando salgas, puedes llevarlo contigo. En cualquier lugar donde haya conexi\u00f3n Wi-Fi, puedes controlarlo con tu voz y reproducir m\u00fasica directamente desde la nube. Cuando no haya conexi\u00f3n Wi-Fi, puedes controlarlo como cualquier otro altavoz port\u00e1til con tu tel\u00e9fono celular o tableta mediante Bluetooth y escuchar todo lo que puedas reproducir en tu dispositivo. Sin importar lo que escuches ni d\u00f3nde lo hagas, podr\u00e1s hacerlo con el asombroso sonido Bose en 360 grados. Es el altavoz para el hogar que prefieres no dejar en casa.<\/p>\n","protected":false},"featured_media":7170,"comment_status":"closed","ping_status":"closed","template":"","meta":[],"product_brand":[],"product_cat":[537,703],"product_tag":[1094,1095,722,1096,1097,1098],"class_list":{"0":"post-7169","1":"product","2":"type-product","3":"status-publish","4":"has-post-thumbnail","6":"product_cat-audio","7":"product_cat-parlantes-bluetooth-portatiles","8":"product_tag-altavoz-bose","9":"product_tag-altavoz-bose-portable-smart-speaker","10":"product_tag-bose","11":"product_tag-bose-portable-smart-speaker","12":"product_tag-parlante-bose-home-speaker","13":"product_tag-parlante-bose-home-speaker-negro","15":"first","16":"instock","17":"sale","18":"shipping-taxable","19":"purchasable","20":"product-type-simple"},"jetpack_sharing_enabled":true,"_links":{"self":[{"href":"https:\/\/ecoallpa.com\/portal\/wp-json\/wp\/v2\/product\/7169","targetHints":{"allow":["GET"]}}],"collection":[{"href":"https:\/\/ecoallpa.com\/portal\/wp-json\/wp\/v2\/product"}],"about":[{"href":"https:\/\/ecoallpa.com\/portal\/wp-json\/wp\/v2\/types\/product"}],"replies":[{"embeddable":true,"href":"https:\/\/ecoallpa.com\/portal\/wp-json\/wp\/v2\/comments?post=7169"}],"wp:featuredmedia":[{"embeddable":true,"href":"https:\/\/ecoallpa.com\/portal\/wp-json\/wp\/v2\/media\/7170"}],"wp:attachment":[{"href":"https:\/\/ecoallpa.com\/portal\/wp-json\/wp\/v2\/media?parent=7169"}],"wp:term":[{"taxonomy":"product_brand","embeddable":true,"href":"https:\/\/ecoallpa.com\/portal\/wp-json\/wp\/v2\/product_brand?post=7169"},{"taxonomy":"product_cat","embeddable":true,"href":"https:\/\/ecoallpa.com\/portal\/wp-json\/wp\/v2\/product_cat?post=7169"},{"taxonomy":"product_tag","embeddable":true,"href":"https:\/\/ecoallpa.com\/portal\/wp-json\/wp\/v2\/product_tag?post=7169"}],"curies":[{"name":"wp","href":"https:\/\/api.w.org\/{rel}","templated":true}]}}