{"id":7253,"date":"2025-01-31T11:29:22","date_gmt":"2025-01-31T16:29:22","guid":{"rendered":"https:\/\/ecoallpa.com\/portal\/?post_type=product&#038;p=7253"},"modified":"2025-01-31T11:29:29","modified_gmt":"2025-01-31T16:29:29","slug":"monitor-24-samsung-ajustable-lf24t452-fhd","status":"publish","type":"product","link":"https:\/\/ecoallpa.com\/portal\/producto\/monitor-24-samsung-ajustable-lf24t452-fhd\/","title":{"rendered":"Monitor 24&#8243; Samsung Ajustable\u00a0 LF24T452 FHD"},"content":{"rendered":"<h1><strong>Monitor 24&#8243; Samsung Ajustable\u00a0 LF24T452 FHD<\/strong><\/h1>\n","protected":false},"excerpt":{"rendered":"<p>La serie FT45 cuenta con un panel IPS para una calidad de imagen premium, con reproducci\u00f3n de colores vibrantes e im\u00e1genes y texto n\u00edtidas sin cambio de color. La tecnolog\u00eda IPS tambi\u00e9n proporciona amplios \u00e1ngulos de visi\u00f3n de 178, por lo que el contenido no se degrada y la colaboraci\u00f3n es f\u00e1cil.<\/p>\n","protected":false},"featured_media":7254,"comment_status":"closed","ping_status":"closed","template":"","meta":[],"product_brand":[],"product_cat":[533,527,526],"product_tag":[1161,1162,1159],"class_list":{"0":"post-7253","1":"product","2":"type-product","3":"status-publish","4":"has-post-thumbnail","6":"product_cat-computadores","7":"product_cat-monitores","8":"product_cat-video","9":"product_tag-monitor-ips-samsung-ajustable-24-pulgadas","10":"product_tag-monitor-ips-samsung-ajustable-24-pulgadas-ref-lf24t452fqnxgo","11":"product_tag-monitor-samsung-24","13":"first","14":"instock","15":"sale","16":"shipping-taxable","17":"purchasable","18":"product-type-simple"},"jetpack_sharing_enabled":true,"_links":{"self":[{"href":"https:\/\/ecoallpa.com\/portal\/wp-json\/wp\/v2\/product\/7253","targetHints":{"allow":["GET"]}}],"collection":[{"href":"https:\/\/ecoallpa.com\/portal\/wp-json\/wp\/v2\/product"}],"about":[{"href":"https:\/\/ecoallpa.com\/portal\/wp-json\/wp\/v2\/types\/product"}],"replies":[{"embeddable":true,"href":"https:\/\/ecoallpa.com\/portal\/wp-json\/wp\/v2\/comments?post=7253"}],"wp:featuredmedia":[{"embeddable":true,"href":"https:\/\/ecoallpa.com\/portal\/wp-json\/wp\/v2\/media\/7254"}],"wp:attachment":[{"href":"https:\/\/ecoallpa.com\/portal\/wp-json\/wp\/v2\/media?parent=7253"}],"wp:term":[{"taxonomy":"product_brand","embeddable":true,"href":"https:\/\/ecoallpa.com\/portal\/wp-json\/wp\/v2\/product_brand?post=7253"},{"taxonomy":"product_cat","embeddable":true,"href":"https:\/\/ecoallpa.com\/portal\/wp-json\/wp\/v2\/product_cat?post=7253"},{"taxonomy":"product_tag","embeddable":true,"href":"https:\/\/ecoallpa.com\/portal\/wp-json\/wp\/v2\/product_tag?post=7253"}],"curies":[{"name":"wp","href":"https:\/\/api.w.org\/{rel}","templated":true}]}}