{"id":7322,"date":"2025-01-31T11:32:52","date_gmt":"2025-01-31T16:32:52","guid":{"rendered":"https:\/\/ecoallpa.com\/portal\/?post_type=product&#038;p=7322"},"modified":"2025-01-31T11:32:56","modified_gmt":"2025-01-31T16:32:56","slug":"mouse-hpclassic-wired-6vy96aa-negro","status":"publish","type":"product","link":"https:\/\/ecoallpa.com\/portal\/producto\/mouse-hpclassic-wired-6vy96aa-negro\/","title":{"rendered":"Mouse Hpclassic Wired 6vy96aa Negro"},"content":{"rendered":"<h1 class=\"ui-pdp-title\"><strong>Mouse Hpclassic Wired 6vy96aa Negro<\/strong><\/h1>\n","protected":false},"excerpt":{"rendered":"<p>Este mouse Al\u00e1mbrico est\u00e1 dise\u00f1ado para ayudarte en tu trabajo, ofreci\u00e9ndote comodidad del uso de los computadores. Cuenta con un cable de 1.5 metros especialmente para que tengas mayor movilidad y espacio en tu desempe\u00f1o<\/p>\n","protected":false},"featured_media":7323,"comment_status":"closed","ping_status":"closed","template":"","meta":[],"product_brand":[],"product_cat":[356,928],"product_tag":[1204,1205],"class_list":{"0":"post-7322","1":"product","2":"type-product","3":"status-publish","4":"has-post-thumbnail","6":"product_cat-accesorios-y-perifericos","7":"product_cat-mouses","8":"product_tag-mouse-hpclassic-wired","9":"product_tag-mouse-hpclassic-wired-6vy96aa-negro","11":"first","12":"instock","13":"sale","14":"shipping-taxable","15":"purchasable","16":"product-type-simple"},"jetpack_sharing_enabled":true,"_links":{"self":[{"href":"https:\/\/ecoallpa.com\/portal\/wp-json\/wp\/v2\/product\/7322","targetHints":{"allow":["GET"]}}],"collection":[{"href":"https:\/\/ecoallpa.com\/portal\/wp-json\/wp\/v2\/product"}],"about":[{"href":"https:\/\/ecoallpa.com\/portal\/wp-json\/wp\/v2\/types\/product"}],"replies":[{"embeddable":true,"href":"https:\/\/ecoallpa.com\/portal\/wp-json\/wp\/v2\/comments?post=7322"}],"wp:featuredmedia":[{"embeddable":true,"href":"https:\/\/ecoallpa.com\/portal\/wp-json\/wp\/v2\/media\/7323"}],"wp:attachment":[{"href":"https:\/\/ecoallpa.com\/portal\/wp-json\/wp\/v2\/media?parent=7322"}],"wp:term":[{"taxonomy":"product_brand","embeddable":true,"href":"https:\/\/ecoallpa.com\/portal\/wp-json\/wp\/v2\/product_brand?post=7322"},{"taxonomy":"product_cat","embeddable":true,"href":"https:\/\/ecoallpa.com\/portal\/wp-json\/wp\/v2\/product_cat?post=7322"},{"taxonomy":"product_tag","embeddable":true,"href":"https:\/\/ecoallpa.com\/portal\/wp-json\/wp\/v2\/product_tag?post=7322"}],"curies":[{"name":"wp","href":"https:\/\/api.w.org\/{rel}","templated":true}]}}